*3 - 327*x + 8*x**3. Give n(-1).
-15
Let x(h) = h**2 + 8*h + 4. Suppose 2*y - 10 = 16. Suppose 0 = -y*q + 18*q + 25. Determine x(q).
-11
Let k(b) = 25*b + 78. Let o be k(-3). Let r(x) = 235 + 4*x + 6*x**2 - 122 + x**2 - 2*x**o - 117. Calculate r(4).
-4
Suppose -5*g + 30 = 45. Let u be 9 + -3 + g + 15/3. Let w(j) = j - 11. Give w(u).
-3
Suppose 4*m + 8*z - 16 = 7*z, 0 = 5*m - 5*z - 45. Let d(y) = -y**3 + 5*y**2 - y + 14. Let b be d(m). Let p(s) = -2*s - 4. Calculate p(b).
-22
Let l(i) = -6*i - 1. Let r(c) be the first derivative of 23*c - 1/2*c**2 - 14. Let f be r(22). Determine l(f).
-7
Let i(w) = w**3 - 2*w**2 - 2. Suppose 0 = -p + 33 - 11. Suppose -p*f - 18 = -13*f. Calculate i(f).
-18
Suppose 3*q - 6*q = -5*g - 61, -2*g - q = 20. Let a(x) = 3*x**2 + 33*x + 6. Give a(g).
6
Let b(h) be the third derivative of h**4/12 + 5*h**2. Suppose -2*f - 12 = 4*r, -5*r + 15*f - 10*f - 45 = 0. Calculate b(r).
-10
Let h(j) = -j**2 - 10*j + 31. Let k be (-7524)/572 - (-2 - 96/(-52)). Calculate h(k).
-8
Let m(k) = -12 + 2*k**2 + 20 - 3 - 8*k. Let y(c) = 3*c**2 - 18*c + 11. Let d(u) = 9*m(u) - 4*y(u). Calculate d(1).
7
Let y(l) = 4*l**3 - 21*l**2 - 16*l - 45. Let b(g) = g**3 - 2*g**2 - g - 7. Let s(i) = 5*b(i) - y(i). What is s(-10)?
0
Suppose 0 = 3*i, -i + 18 = -4*k + k. Let d(r) = -5*r + 2. Let z(t) = -11*t + 4. Let m(g) = k*z(g) + 13*d(g). Give m(0).
2
Let r(k) = -422 + 404 - 7*k**2 - 12*k + 6*k**2. Determine r(-10).
2
Suppose 0 = 2*x - 7*x - 20. Let w = 24 - -36. Let c(d) = 29 + 3*d + 36 - d - w. What is c(x)?
-3
Let y(l) = 3*l - 3. Suppose -148*t = -149*t - 6. Let o(z) = 2*z + 9. Let v be o(t). What is y(v)?
-12
Let r be (2 - 1)/(3/6). Suppose -r*n + 15 = n. Suppose n*h = -4*o, 0 = 2*o - 5*h + 23 + 7. Let u(w) = -w**2 - 2*w + 6. Determine u(o).
-9
Let r(y) = 3*y - 73. Suppose 3*q + 5*z = 81, -3*z = q - 6 - 21. Calculate r(q).
8
Let f = 566134 + -566129. Let w(s) = -18*s + 10. Let p(b) = -9*b + 5. Let v(o) = 11*p(o) - 6*w(o). Give v(f).
40
Let z(o) = 2*o**2 - 7*o. Let h be z(4). Let i(n) = n**3 + 3*n + 8. Let l(u) = 3*u**3 + u**2 + 21*u + 36. Let f(q) = -4*i(q) + l(q). What is f(h)?
-8
Let j(z) = 195*z - 22. Let b(i) = 244*i - 23. Let p(w) = 4*b(w) - 5*j(w). Give p(-30).
-12
Let b = 0 - -2. Let m(d) = b*d**2 - 4 + 5 + d**3 + 1. Let x(h) = h**3 + 6*h**2 - 6*h - 38. Let u be x(-6). Determine m(u).
2
Let u = 2004 - 2001. Suppose 40 = -v + 6*v. Let l(p) = -5 - v - p + 17. Calculate l(u).
1
Let k(a) = -7*a + 306. Let n(q) = -3*q + 141. Let f(c) = -6*k(c) + 13*n(c). Determine f(7).
18
Let s be -4 + -1*(0 + -9). Suppose 1 = -s*d - 3*x, -3*d + 4*x = -d - 10. Let c(k) = 4*k + 1. What is c(d)?
5
Let r(k) = k**3 + 4*k**2 + 2*k - 2. Let o(s) be the first derivative of s**3 + 9*s**2/2 + 3*s + 47. Let a be o(-2). Determine r(a).
1
Suppose 3*q + 16 + 56 = 0. Let y be ((-84)/q)/((-1)/(-2)). Let i(m) = 4*m**2 + 14*m - 4. Let s(u) = 5*u**2 + 15*u - 4. Let a(d) = 6*i(d) - 5*s(d). Give a(y).
10
Let g(z) = -z**2 + 7*z - 6. Let u be (33/(-55))/(3/(-30)). Let w be (8/(-6))/(u/423). Let b = w + 99. Determine g(b).
4
Let a(b) = 4*b - 1. Let y(o) be the third derivative of -1/3*o**3 + 0*o + 5/24*o**4 - 2*o**2 + 0. Let s(n) = -6*a(n) + 5*y(n). Calculate s(4).
0
Let n(c) be the third derivative of 0*c + 0 + 36*c**2 + 11/60*c**5 + 1/6*c**3 + 0*c**4. Calculate n(1).
12
Let v = -12190 - -12220. Let i(x) = x**2 - 37*x + 201. Determine i(v).
-9
Let c(d) be the first derivative of -d**4/2 - d**3/3 + 3*d**2/2 - 2*d + 133. Give c(1).
-2
Let a(d) be the first derivative of -d**2/2 + d + 1. Suppose -1155 = 6*k + 1437. Let z = -431 - k. Determine a(z).
0
Suppose -i - 13 = -4*x - 2*i, -5*x + i = -23. Let y(t) be the second derivative of 1/12*t**x + 5/6*t**3 + 13*t + 0 + 1/2*t**2. Determine y(-4).
-3
Let k(s) = 7*s**2 - s - 1. Suppose -27*z + 22*z - 3*u + 10 = 0, 0 = 4*z - 2*u + 14. Give k(z).
7
Let w(o) be the first derivative of -o**4/4 - 7*o**3/3 + 15*o**2/2 + 44*o + 10218. Determine w(-8).
-12
Let n(d) = -6*d**2 + 3. Let o(u) = 15*u**2 - 4*u - 6. Let q(s) = 2*n(s) + o(s). What is q(-6)?
132
Let h(a) = 4*a + 7. Let q(b) = 12*b + 18. Suppose -34*o + 88 = -48. Let r(n) = o*q(n) - 11*h(n). Calculate r(2).
3
Let p(t) = -216 + 307*t**2 + 8*t - 321*t**2 + 210. Determine p(1).
-12
Let v(n) be the first derivative of -9*n**2/2 - 18*n - 1289. Give v(-8).
54
Let v(z) be the first derivative of -z**4/24 - z**3/3 + 14*z**2 + 28. Let c(d) be the second derivative of v(d). Let u = -39 - -43. Calculate c(u).
-6
Suppose -4*l = -4*w + 27 + 9, 2*w = 6. Suppose 0 = -3*h - z + 6, -4*h + 5*z = -8. Let t(n) = 8 - 5*n + 6*n**2 + h*n**2 + 0 - 9*n**2. Determine t(l).
2
Let t(k) be the third derivative of 0 + 1/12*k**4 + 3*k**2 + 6*k - 7/60*k**5 - 1/3*k**3 + 1/120*k**6. What is t(7)?
12
Let v(a) = 5*a**3 - 9*a - 2. Let r(h) = -2*h**3 + h**2 + 2*h + 1. Let u(t) = -3*r(t) - v(t). Let q(o) = -o**2 + 3*o + 2. Let f be q(0). Calculate u(f).
1
Let m(r) be the third derivative of -1/12*r**4 + 0 + 0*r + 62*r**2 + 1/2*r**3. Give m(-3).
9
Let t(u) be the third derivative of u**8/20160 - u**7/560 + u**6/360 - 33*u**5/20 - 97*u**2. Let c(d) be the third derivative of t(d). Calculate c(9).
2
Let k(h) = 15*h**3 - 2*h**2 - 2*h - 3. Suppose 280*y = 4*j + 278*y + 18, j + 12 = 2*y. What is k(j)?
-127
Let o be -30*-3*(-2)/9. Let b = -15 - o. Let m(i) = -4 + 3 + 6*i - 9*i + 6 + 2. What is m(b)?
-8
Let s(t) = 2*t + 8. Let o be s(3). Suppose 2*g + 2*l + o = 6*l, 0 = -4*g - 3*l - 28. Let a(u) = -u**2 - 9*u - 7. Give a(g).
7
Let z = 7863 + -7855. Let g(x) = -6*x + 57. What is g(z)?
9
Let q(i) be the first derivative of 2*i**3/3 - 17*i**2 + 5*i + 969. Determine q(17).
5
Let q(o) = 2*o**2 - 101*o + 425. Let w be q(5). Let l(z) = -z**3 - 30*z**2 + 2*z + 68. Give l(w).
8
Let u(m) be the second derivative of -m**4/4 - 25*m**3/2 - 67*m**2/2 + 24*m + 33. Calculate u(-24).
5
Let w = 7414 + -7408. Let p(u) = -u**3 + 6*u**2 + 5*u - 9. Determine p(w).
21
Let h(l) be the second derivative of l**5/4 - l**4/3 + 7*l**3/6 - 3*l**2/2 - 1164*l. Determine h(1).
5
Let i(a) be the second derivative of a**4/24 - 19*a**2 + 42*a. Let q(j) be the first derivative of i(j). Determine q(-8).
-8
Let w(z) = z**2 + 3*z - 7. Let b(n) = -n**3 + 33*n**2 - 91*n + 34. Let a be b(30). Suppose 5*u = -3*p - 10, 45*u = 49*u - a*p + 40. Give w(u).
3
Let m = -21 + 14. Let h = 17 + m. Let w(z) = -10*z + 10 - 16 + 3*z**3 - 2*z**3 - 9*z**2. Determine w(h).
-6
Let h(s) = -6*s**2 + 13*s - 53. Let m(d) = -4*d**2 + 9*d - 33. Let j(x) = -5*h(x) + 8*m(x). Give j(5).
-14
Let a = 233 - 231. Let o(s) = 5*s**a - 16*s - 3*s**2 - 17 + 13. What is o(8)?
-4
Let c be ((-176)/(-33))/(4/6). Let y = c + -6. Suppose -4*f + 10 = g - 8*f, 3*g + y*f = 16. Let l(h) = -h**3 + 5*h**2 + 6*h + 3. What is l(g)?
3
Let f(p) be the third derivative of p**5/60 - p**4/8 - p**3/3 - 242*p**2. Determine f(-7).
68
Let s(b) = -3*b - 9*b - 5 + 29*b + 4*b + 7. What is s(7)?
149
Suppose 9521 - 9385 = -17*p. Let g(l) = -l**3 - 8*l**2 + 2*l + 5. What is g(p)?
-11
Let f(c) be the third derivative of c**5/60 + 7*c**4/24 + 11*c**3/6 + 1257*c**2. Calculate f(-5).
1
Let n(o) = -722*o + 7226. Let k be n(10). Let i(f) = f**2 + 4*f - 69. What is i(k)?
-9
Let r(d) = -11*d**2 + 15*d - 28. Let u(p) = -10*p**2 + 27*p - 33. Let y(c) = 3*r(c) - 2*u(c). What is y(-2)?
-52
Let c(r) = r - 15. Let z be c(9). Let a = 3 + z. Let u(w) = w + 5. Let k(t) = -t - 2. Let j(l) = 3*k(l) + u(l). What is j(a)?
5
Let h(q) be the second derivative of -q**4/12 + 5*q**3/2 + 4*q**2 - 6*q - 3. Suppose t = 5*y - 44 - 32, y = -4*t + 32. Give h(y).
-8
Let x(b) be the second derivative of -b**4/6 - 2*b**3/3 - 9*b**2/2 + 21*b. Determine x(-3).
-15
Let z(q) = -10*q**3 - 3*q**2 + 4*q + 4. Let i(n) = -2*n**3 - 13*n**2 - 16*n - 163. Let k be i(-7). What is z(k)?
64
Suppose 2*m - 3*g + 2 = 0, 12 = 199*m - 195*m + 2*g. Let q(h) be the third derivative of 0 + 1/6*h**3 - 3*h**m + 0*h - 1/24*h**4. What is q(0)?
1
Let k(f) = -f**2 - 246*f - 482. Let p be k(-2). Let c(n) = -2*n**3 + 14*n**2 - 15*n + 26. What is c(p)?
8
Suppose 338*p + 5 = 339*p. Let f(w) = 4 - 2*w + 2 + p + 2*w + 2*w. Give f(8).
27
Suppose -3*s + 81 + 237 = 0. Suppose 109 = k - 0. Let p = s - k. Let n(t) = 5*t - 2. Determine n(p).
-17
Let w(o) = -3*o + 311 - 102 - 95 - 119. Let t(s) = 2*s - 10. Let g be t(7)